(-1)/(-36))/((-5)/(-2))?
0
Let d(u) = u**3 + 5*u**2 + u + 5. Let p be d(-3). Let q = -10 + p. What is the remainder when 17 is divided by q?
7
Suppose -5*w + 5*q = -1215, 2*q + 358 + 606 = 4*w. What is the remainder when w is divided by 24?
23
Let l be 2/(2/(-4) - (-1 + 0)). Suppose -o = l*k - 370, 106 = k + 4*o + 21. What is the remainder when k is divided by 19?
17
Suppose 9*b - 4*b = -5*w + 590, -4*b + 467 = -w. Let t(i) = 2*i**2 - 2*i + 5. What is the remainder when b is divided by t(3)?
15
Let t be 4 + (1 - 7)/(-2). Suppose 7 = -4*l - 1. Let m = t - l. What is the remainder when 34 is divided by m?
7
Let m(g) = -g - g**2 + 5 + 6*g + 2*g**2 + 4*g. Let v be m(-6). What is the remainder when 40 is divided by (17 - 0) + 10 + v?
12
What is the remainder when -4*((-111)/12 + -1) is divided by 8/(-6)*84/(-8)?
13
Suppose -6*q - 2*h = -544, 2*q = 3*q + 3*h - 80. What is the remainder when q is divided by 27?
11
Let x(l) = -l**3 - 3*l**2 - 3*l - 6. Let f(t) = t + 1. Let g be f(11). Let m = g + -17. Calculate the remainder when x(m) is divided by 21.
17
Let o(s) = -s**2 + 6*s + 5. Let t be o(6). Let x = -46 - -35. Let p = t - x. Calculate the remainder when p is divided by 9.
7
Let m = -381 - -2991. Let c be (-4)/7 + m/35. Let h = -11 + c. Calculate the remainder when h is divided by 13.
11
Let a = -1281 + 1330. Let o(b) = -3*b + 4. What is the remainder when a is divided by o(-3)?
10
Suppose -9 = -3*j - 3. Let u be (1 + -2 - -1)/j. Suppose u = 3*y + 5 - 20. Calculate the remainder when y is divided by 2.
1
Let l(n) = -n**2 - 6*n - 4. Let j be l(-5). Let m(d) = -d. Let z(c) = 6*c - 5. Let q(h) = j*z(h) - 2*m(h). Calculate the remainder when q(3) is divided by 7.
5
Suppose 4*c + 79 - 55 = 0. Let s(p) = -4*p - 1. Calculate the remainder when s(c) is divided by 2*(-1)/(2/(-13)).
10
Suppose 1701 = 6*z - 201. Calculate the remainder when z is divided by 32.
29
Suppose 2*o = -0*o - c + 174, -2*o = -c - 166. Let y = 102 - o. Calculate the remainder when 29 is divided by y.
12
Let n(l) = 27*l**2 + l + 1. Let w(p) = -p**2 + 2*p - 14*p + 3 - p. Calculate the remainder when n(-1) is divided by w(-12).
12
Suppose 0 = 7*a - 17*a - 40. Let p = 42 + -21. Calculate the remainder when p is divided by (18/a)/(4*(-9)/48).
3
Let q(h) = -h**2 + 6*h + 19. Let x = 7 + -5. Suppose x*m + 0*m = 16. What is the remainder when 4 is divided by q(m)?
1
Let j(x) = -17*x - 23. Let z(o) = 629*o + 850. Let i(n) = -221*j(n) - 6*z(n). What is the remainder when 135 is divided by i(-3)?
33
Let n = -1711 + 1835. Calculate the remainder when n is divided by 7.
5
Let x(n) = 2*n**3 - 13*n**2 - 21*n + 8. Calculate the remainder when 110 is divided by x(8).
14
Let y be ((-2)/4)/(8/160). Calculate the remainder when 30 is divided by (16/y)/(2/(-10)).
6
Let f(z) = z + 1. Let t be f(0). Suppose -v - t + 2 = 0. What is the remainder when 12 is divided by 1*(3 - -4)*v?
5
Let h = 959 - 934. Suppose 599 - 234 = 5*o. Calculate the remainder when o is divided by h.
23
Let u(t) = t**3 - 13*t**2 + t. Let r be u(10). Let h = -124 - r. Calculate the remainder when h is divided by 42.
40
Let u be 26/8 + 1/(-4). Let s be (-4 + 7 - u) + 26. Suppose 3*n = r - s, -3*n + 44 = -2*r + 6*r. Calculate the remainder when 54 is divided by r.
12
Let q(s) = -s**3 + 6*s**2 + 8*s - 10. Suppose 3*b - 91 = -4. Calculate the remainder when q(5) is divided by b.
26
Suppose 3*t - 2*f = 128, 5*f - 14 = -4. What is the remainder when 550 is divided by t?
22
Let x(f) = -f**2 + 23*f - 107. Suppose 0 = -7*m + 2*m + 470. What is the remainder when m is divided by x(14)?
18
Suppose 4*h - 301 = -3*b, -8*b = -5*b - 9. Calculate the remainder when h is divided by 25.
23
Let x = -16 - -18. Suppose -4*r + 22 = -x*r. Let q = 15 - r. What is the remainder when 15 is divided by q?
3
Let t be (-6)/(-14) + (-144)/(-56). Suppose 0 = 2*y - 3*b - 69, -4*y - t*b + 0*b = -129. Calculate the remainder when 65 is divided by y.
32
Calculate the remainder when 21 is divided by 1/(-4 - 124/(-20) - 2).
1
Let d = 185 - 150. Calculate the remainder when d is divided by 5.
0
Suppose 0 = 5*b - 20, 0 = 2*f - 3*b - b + 8. Suppose -i + 68 = f*z + 3*i, -5*z - i + 69 = 0. Calculate the remainder when z is divided by 9.
4
What is the remainder when 35 is divided by (42/3)/(4/6)?
14
Let h(s) = -s**2 + 14*s + 10. Let c be h(14). Let t be 28/10*c/4. Suppose 0*u = -t*u + 182. Calculate the remainder when u is divided by 10.
6
Suppose -133*b - 330 = -138*b. What is the remainder when 83 is divided by b?
17
Suppose -4*j + 5*s = -231, -9 = -j + 5*s + 30. Calculate the remainder when 318 is divided by j.
62
Suppose 3*j - 67 = 3*z - 13, 2*j - 36 = -z. Let s(b) = -b**3 - 8*b**2 + b - 19. What is the remainder when s(-9) is divided by j?
17
Let r be (-2)/3 - (-12)/(-9). Let d(a) = -2*a**2 - 2*a. Let w be d(r). Let l = 13 + w. What is the remainder when 14 is divided by l?
5
Let v = 34 - 31. Suppose -26 = v*s - 506. Calculate the remainder when s is divided by 23.
22
Let u(d) = 2*d**2 + 2*d + 1. Let m be u(-2). Let o(w) = 3*w + 1. Let j(n) = n**3 - 10*n**2 + 6*n + 1. Calculate the remainder when j(10) is divided by o(m).
13
Let l = 17 - 12. Suppose -25 = -5*r + 4*r. Suppose 5*p = -r, p = 4*b + l*p - 228. What is the remainder when b is divided by 21?
20
Let z = -497 + 536. What is the remainder when z is divided by 20?
19
Suppose 8*n = 3*n. Suppose 0 = -n*q + 2*q - 6. Suppose -5*t = -q*v - 4*t + 79, 2*v + 5*t = 30. What is the remainder when 74 is divided by v?
24
Let j(o) = 20*o - 13. Let a be j(4). Let g = -18 + a. Suppose -2*p = -p - 25. Calculate the remainder when g is divided by p.
24
Let z(q) = 3*q**3 + q**2. Let b be z(1). Suppose o = -5*w - b*o + 25, -5*w = 4*o - 22. Let f = 13 + -12. What is the remainder when w is divided by f?
0
Let b(g) = -g**2 - 12*g - 24. Let s be b(-6). Suppose 2*w + s = y, -5*w = -3*y - 15 + 53. What is the remainder when 76 is divided by y?
12
Suppose 375 = 5*h - 0*h. Suppose 77 = 2*y - h. What is the remainder when y is divided by 13?
11
Let s be 360/(-25) - (-6)/(-10). Let d = -11 - s. Let r(g) = -g**3 + 5*g**2 - 2. Calculate the remainder when 52 is divided by r(d).
10
Suppose 12*i = -3*j + 8*i + 135, -j = -3*i - 45. Suppose w = 4*w - 399. Calculate the remainder when w is divided by j.
43
Suppose -3*x + 8 = 2*a, a + x + x = 4. Suppose -3*q = -q - 28. Let s = q + -7. Calculate the remainder when s is divided by a.
3
Suppose -i = -5*p + i + 1881, -3*p = -i - 1128. What is the remainder when p is divided by 35?
25
Calculate the remainder when -1 + 2296/44 - 6/33 is divided by 40.
11
Let p(b) be the second derivative of -b**4/12 - 2*b**3 + 5*b**2/2 + 41*b. What is the remainder when 14 is divided by p(-12)?
4
Suppose 0 = 25*g - 5*g - 280. What is the remainder when 627 is divided by g?
11
Let c(w) = 4*w**2 - 7*w + 26. What is the remainder when c(6) is divided by 53?
22
Let u be (8/10)/(4/(-20)). Calculate the remainder when u - 1*-35*1 is divided by 20.
11
Suppose -4*f = 5*w - 3*w - 116, -5*w - 20 = 0. Let b(x) = 2 - 4*x + 3*x + 0*x**2 - 4*x - x**2. Calculate the remainder when f is divided by b(-3).
7
Suppose 2*n - 392 = 4*d, -2*n + d - 138 + 518 = 0. Calculate the remainder when n is divided by 73.
42
Suppose 61 = f + 3*g, -3*f = -8*f + g + 305. What is the remainder when 668 is divided by f?
58
Suppose z = -2*k - 3*z + 34, k = z + 26. Let y = -16 - -19. Suppose -y*u = o - 0*o - 32, 4*o = 2*u + 2. What is the remainder when k is divided by u?
5
Let c = -118 - -108. Let h = c + 26. What is the remainder when 78 is divided by h?
14
Let r(v) = -v**2 + 66*v - 645. Calculate the remainder when 84 is divided by r(12).
0
Suppose 5*m + 5*b = 310, b - 125 = 59*m - 61*m. What is the remainder when 1132 is divided by m?
61
Let a be (8/(-16))/((-1)/4). Let l = 13 - 3. Calculate the remainder when (85/(-15))/(a/(-6)) is divided by l.
7
Let d(z) = -5*z - 4. Let g(k) = k**3 - 7*k**2 - 7*k - 11. Let p be g(8). What is the remainder when d(p) is divided by 6?
5
Let t = -342 - -434. What is the remainder when t is divided by 16?
12
Let c = 1038 - 962. What is the remainder when 163 is divided by c?
11
Suppose 1394 = 11*l + 294. Suppose -l = -5*a + 2*m, -2*a = 3*a - 3*m - 100. Calculate the remainder when 53 is divided by a.
13
Suppose -3*c = 3, 2 = 